3. Suppose -2*h + v = -3. Suppose 2*g = -2*w + h, -4*g - 10 = -2*w - 3*g. List the prime factors of w.
2
Suppose 3*s + 0*s = 27. Let l = -2 + 0. What are the prime factors of s + l + 0/(-1)?
7
Let f(s) be the third derivative of -s**4/24 + 11*s**3/6 - s**2. Let h = -2 + 11. List the prime factors of f(h).
2
Let a be (-2)/(-6) + (-320)/(-30). Suppose 0 = w - 1 + a. Let x(b) = -b**3 - 9*b**2 + 7*b - 11. What are the prime factors of x(w)?
19
Let x(w) = 10*w + 7. List the prime factors of x(4).
47
Suppose -5*w = 2*b + 3*b + 5, 3*b + 3 = 0. Suppose w = c + v + 8 - 1, -1 = -5*c + 4*v. Let l = c - -5. List the prime factors of l.
2
Let s(i) = -2*i + 4. Let v(x) = 3*x - 4. Let z(a) = 4*s(a) + 3*v(a). List the prime factors of z(6).
2, 5
Suppose 11*m + 189 = 2004. What are the prime factors of m?
3, 5, 11
Suppose -3*u + 5*z = -5, -8 + 68 = 5*u + 2*z. List the prime factors of u.
2, 5
Let y(a) = a**3 - 6*a**2 + a - 6. Let j be y(6). What are the prime factors of 30/(-3 - (-5 + j))?
3, 5
Let s(v) = 7*v**2 + 2*v + 3. What are the prime factors of s(-3)?
2, 3, 5
Let c(n) = n - 1. Suppose -o + 4*o - 15 = 0. What are the prime factors of c(o)?
2
Let k(t) = -t**3 - 5*t**2 - 3*t. Let f be k(-5). Let c = f - 22. Let g = 17 + c. What are the prime factors of g?
2, 5
Let n(i) = -2*i**2 + 1 - 23 + i**2 + 20*i - 1. List the prime factors of n(17).
2, 7
Suppose -130 - 6 = -2*o. Let s = -47 + o. What are the prime factors of s?
3, 7
Let z = 32 - -21. List the prime factors of z.
53
Let u(h) = 1. Let j(v) = v**2 + 7*v - 9. Let n(o) = -j(o) - 4*u(o). List the prime factors of n(-5).
3, 5
Let b = 15 + -7. Let c be (-2 - 4)*b/(-6). List the prime factors of c/12*(-33)/(-2).
11
Let v = -46 - -26. Suppose 0 = -0*a - 2*a + 4. What are the prime factors of a/8 + (-215)/v?
11
Let v = 38 - 19. What are the prime factors of v?
19
Let u(l) = l**3 - 4*l**2 - 8*l + 16. Let p be u(5). Suppose 4*z + 6 + 14 = 0. Let r = p - z. What are the prime factors of r?
2, 3
What are the prime factors of (206/(-8))/(4/(-16))?
103
Suppose -6*a = -32 + 8. Let c = 10 + -5. Let x = a + c. List the prime factors of x.
3
Let h = -10 - -27. List the prime factors of h.
17
Let p = 5 + -2. Suppose -4*f - 10 = -p*m, 3*m = 3*f - 0*f + 15. Let g = 16 - m. What are the prime factors of g?
2, 3
Let r be (-3)/(((-2)/1)/(-4)). Let b be (-2)/r - 201/9. Let d = b + 32. List the prime factors of d.
2, 5
Suppose 0 = -11*q + 178 + 427. List the prime factors of q.
5, 11
Suppose 8 = 5*o - 4*i, 0 = 4*o + 2*i - i + 2. Suppose 2*m + o*m = 10. List the prime factors of m.
5
Suppose 0 = -5*o - 4*s - 29 + 441, 4*o - 317 = s. Suppose 4*d + 2*y - o = 0, 82 = 4*d + 2*y + y. What are the prime factors of d?
19
What are the prime factors of 2/(-13) - 1984/(-52)?
2, 19
Let v(d) = 0*d + 6*d - d + 2. List the prime factors of v(3).
17
Let s(r) = 84*r**3 + r**2 - 4*r + 2. List the prime factors of s(1).
83
Suppose -3 = 2*a - 1. Let p = a - -1. Suppose p = -4*x, -5*s + x = -5 - 15. What are the prime factors of s?
2
Suppose 54 = 3*j + 3*r - r, 90 = 5*j + r. Suppose 2*v - j = -0*v. List the prime factors of v.
3
Suppose -5*h + 27 = 2*q, 5*q + 3*h = 12 + 27. List the prime factors of q.
2, 3
Let b be (9/6)/(2/(-12)). Let k be 9/2*(-12)/b. Suppose 0 = k*r - 2*r - 24. List the prime factors of r.
2, 3
Let n be -2 - (-21 + 1 + 1). Suppose -u + 9 = -0*u - j, 3*j = u - n. What are the prime factors of u?
5
Let w(l) = -l**3 + 11*l**2 - 12*l - 22. List the prime factors of w(9).
2
Suppose 12*l + 0*l = 744. List the prime factors of l.
2, 31
Suppose 4*g + 2 = 3*g + 2*c, -c = 5*g - 34. Suppose 3*t = -g + 18. Suppose -27 = -3*f - f + n, 4*f + t*n = 52. List the prime factors of f.
2
List the prime factors of ((-10)/4)/(1/(-10)).
5
List the prime factors of (8/(-4) - -31) + -2.
3
Suppose -4*p - 7 = -3*q - 0, 3*q = 5*p + 2. Let d(l) = -l - 4. Let t be d(-6). List the prime factors of t*-2*q/(-12).
3
Suppose 3*u + 11 = 50. Suppose -4*d + u = d - 3*v, -4 = 4*v. What are the prime factors of d?
2
Suppose 0 = -4*z + z - 15, 5*c - 35 = -5*z. List the prime factors of c.
2, 3
Let m = -717 + 1087. Suppose 5*h + m = -0*h. List the prime factors of (-4)/18 + h/(-9).
2
Let z(s) = -s**3 - 17*s**2 - 5*s - 25. List the prime factors of z(-17).
2, 3, 5
Let i = 108 - 59. List the prime factors of i.
7
Let r(z) = 6*z**2 - 7*z - 23. List the prime factors of r(-5).
2, 3
Let x be ((-2)/(-3))/((-1)/12). Let z = x - -6. List the prime factors of 2*7/z*-1.
7
Let v = 0 - -50. List the prime factors of v.
2, 5
Let x(w) = -w**3 - 2*w**2 + 2*w - 1. Let u be x(-3). List the prime factors of u + -1 - 11/(-1).
2, 3
Let g(i) = i**2 + 9*i - 13. Let a be 4*6*(-2)/4. List the prime factors of g(a).
23
Let f(k) = k**2 - 4. Suppose -4*b + 20 = -16. Suppose 0 = -6*o + 3*o + b. List the prime factors of f(o).
5
Let h(f) = -f**3 - 4*f**2 + 5*f + 1. Let x be h(-5). Suppose -3*u + 4*u - 4 = l, 0 = l + 4*u - x. List the prime factors of (-80)/(-12) + (-1)/l.
7
Suppose -2*m + 5*n + 3 = -11, m = n + 4. Suppose d - m - 7 = 0. What are the prime factors of d?
3
List the prime factors of 1*2/8 - (-3995)/68.
59
Let b(q) = -q**3 + 7*q**2 - 6*q + 4. Let d = -2 - -8. Let u = 12 - d. List the prime factors of b(u).
2
Let z = 6 + -2. Let u be z - 2/((-4)/2). Suppose -21 = -u*g - 5*t + 9, -g + 4 = 3*t. What are the prime factors of g?
7
Suppose -3*x + 5*k + 15 = 0, 0*k = -3*x + 3*k + 15. Suppose 2*c - 2*v + 4 = 0, 10*v - x*v = c + 18. What are the prime factors of c?
2
Let u(d) = -7*d + 14. List the prime factors of u(-6).
2, 7
Let m be -2 - -5 - (17 + 0). List the prime factors of m*(-3 - 4/8).
7
Let x(m) = -m**3 - 7*m**2 + 3*m - 10. Let p be x(-7). Let i = -18 - p. List the prime factors of i.
13
Let q = -46 + 24. Let h = 48 + q. What are the prime factors of h?
2, 13
Let i(y) = y**3 - 2*y**2 + 6*y - 3. List the prime factors of i(4).
53
Suppose 2*i - 3*t = 460, -3*t = -4*i - t + 928. What are the prime factors of i?
233
Suppose -5*s = -3*i + 139 - 57, -i - 2*s + 42 = 0. List the prime factors of i.
2, 17
Suppose -4*l = y - 4*y - 2, -2*y = 3*l - 10. Suppose 1 = -5*u + 6, -5*f - y*u + 187 = 0. Suppose -3*c = 10 - f. List the prime factors of c.
3
Let l(a) = a**2 + a + 2. Let x be l(0). Suppose 0 = g - x. List the prime factors of (g - 3)*1*-3.
3
Let m be 20/(-8) - 2/4. Let t be (-5)/(-2) - m/(-6). Suppose -l + 3*v = t, l - 5*v + 14 = 2*l. What are the prime factors of l?
2
Let r = 7 + 4. What are the prime factors of r?
11
Suppose -2*t = t. Let z(s) = 2*s + 28. List the prime factors of z(t).
2, 7
Suppose -x - 2*s = -2*x, 0 = 3*s. Suppose x*d - 5 = -d + p, 5*p - 45 = -2*d. List the prime factors of d.
2, 5
Let b be 6 + ((-12)/3 - -3). Suppose 14 = -b*v + 64. List the prime factors of v.
2, 5
Let g(y) = y**3 - 5*y**2 + 2. Let t(k) = -k**2 + 7*k - 5. Let v be t(5). Let l be g(v). Suppose l*r - 14 - 8 = 0. What are the prime factors of r?
11
Let x(y) = -11*y - 1. Let t(m) = -11*m - 2. Let l(h) = 3*t(h) - 4*x(h). What are the prime factors of l(2)?
2, 5
Let g(q) = 4*q**2 - 4*q - 3. Let m be 1/(-2) + (-9)/6. List the prime factors of g(m).
3, 7
Let h = 66 - 43. Suppose -f - 5 = 5*q, 3*q = 5 - 14. Let x = h - f. What are the prime factors of x?
13
Let t(a) = -a**2 + 12*a - 14. Let u be t(11). Let v(i) = i**3 + 4*i**2 - 2*i - 2. List the prime factors of v(u).
13
Suppose 5*s + 99 = 4*p, -45 = -3*p + s + 21. Let l = p + 0. List the prime factors of l.
3, 7
Let x = -78 + 109. What are the prime factors of x?
31
Suppose 5 = 3*j + 2. Let c(w) = -3*w + 7. Let o(g) = g - 1. Let a(y) = j*c(y) + 4*o(y). List the prime factors of a(0).
3
Let k = 100 - 50. Let m = 72 - k. What are the prime factors of m?
2, 11
Let f(s) = s**2 - 2. Let h be f(-6). Let p = h - 23. What are the prime factors of p?
11
Let p be (-4 + 5)/(2/12). Let y be 7*1*p/21. Suppose -5*h - y*w + 14 = -41, 0 = -5*h + 4*w + 85. List the prime factors of h.
13
Let j(b) = -2*b - 2. Let f be j(-5). Let i(h) = -2*h - 6*h**2 - f + 0*h**2 - h**3 - h. List the prime factors of i(-6).
2, 5
Let z(s) be the first derivative of s**3/3 + s**2/2 + 4*s + 1. Suppose 0 = 6*w + 13 + 5. List the prime factors of z(w).
2, 5
Suppose 7*l - 10*l = -63. What are the prime factors of l?
3, 7
Suppose 2*p = 4*p + 5*k - 12, 3*k = -5*p + 30. Let q = p - 2. List the pri